x) = x**2 - 7*x - 2. Let l(n) = -4*n + 12. Let q be l(3). Suppose 2*d + 0*d - 10 = q. Give g(d).
-12
Let g(b) = b**3 - b**2 + b + 4. Let t = -3 - -3. Let d be g(t). Let u = d - 2. Let h(i) = -i**3 - i**2 + 2*i - 2. Give h(u).
-10
Let d(c) be the third derivative of -c**4/24 - c**3/6 + 6*c**2. Let t = -2 - -2. Let l be (t/3)/(2 - 3). Calculate d(l).
-1
Let i(x) = x**3 - 20*x**2 + 27*x + 151. Let w be i(18). Let d(m) = -m**3 - 13*m**2 - 19*m + 25. Determine d(w).
-8
Let d(p) = -p**2 - 4*p + 2. Let s(q) = -q**2 + 9*q + 20. Let l be s(10). Suppose -2*i - 32 = 3*i + 2*v, 2*i + l = 2*v. Calculate d(i).
-10
Let h(z) = z**3 + 9*z**2 + 6*z + 6. Let j = -1758 - -1750. Determine h(j).
22
Let i = 422 - 418. Let a(y) = -y**2 + 2*y + 4. What is a(i)?
-4
Let i(n) = -n**3 - n - 2. Let t(w) = 6*w**3 + 2*w**2 + 3*w + 8. Let p(a) = 3*i(a) + t(a). Determine p(-2).
-14
Let r(f) = f**3 - 5*f**2 - 6. Let m(j) = -j**2 + j + 1. Let i(u) = -2*m(u) - r(u). Give i(7).
-10
Let d(g) be the first derivative of 11*g**2/2 + 4*g - 182. What is d(-1)?
-7
Let v(t) be the third derivative of t**4/24 - t**3/3 - 132*t**2. Calculate v(-7).
-9
Let o(h) = -h**3 - 6. Let w be 11/(-88) + 1/8. Determine o(w).
-6
Let t(a) be the second derivative of -a**4/12 + 7*a**3/6 - a**2 + 28*a. Suppose 7 = 2*x + 1. Calculate t(x).
10
Let r be ((-52)/(-39))/4 - (-38)/(-6). Let x(n) = -n**3 - 5*n**2 + 8*n. What is x(r)?
-12
Let x(i) be the second derivative of 7*i**3/6 - i**2/2 + 2*i + 2. Let w(v) = v**3 + v**2 - 3. Let s be w(0). Give x(s).
-22
Let i = -11 - -15. Suppose -5*u = s - 13, -i*u + 4*s + 23 = u. Let k(v) = 10*v + 16. Let j(c) = -2*c - 3. Let h(r) = 16*j(r) + 3*k(r). What is h(u)?
-6
Let s be 10*(248/(-32) + 8). Let p(q) be the first derivative of -s*q**2 - 1 + 2*q. Give p(2).
-8
Let o(k) = -k**3 + 5*k**2 - 6*k + 6. Suppose 2*m - 7 + 5 = 0. Let t(x) = x - 3 + x - x + m. Let w be t(6). What is o(w)?
-2
Let q(b) = 2*b**3 - 11*b**2 + b - 24. Let v(p) = 3*p**3 - 16*p**2 + p - 36. Let i(y) = -8*q(y) + 5*v(y). Determine i(8).
-12
Let l(f) be the first derivative of -2*f**3/3 - 5*f**2/2 - f - 136. Determine l(-4).
-13
Let g = 14 - 6. Let u be (-12)/g*8/(-6). Suppose 0 = u*b - 3*b - 1. Let c(p) = -9*p**2 - 1. What is c(b)?
-10
Let p = 15 - 11. Suppose -4*n = -4*w, 4 = -n + w - p*w. Let x(v) = -5*v**3 + 2*v**2 + 2*v + 1. Let l be x(n). Let h(s) = -s**3 + 6*s**2 - s - 1. What is h(l)?
-7
Let h(t) = 5*t - 11. Let v(g) = 13*g + 211. Let d be v(-16). What is h(d)?
4
Let x(k) = -6*k**2 - 6 - k**3 + 2*k - 27*k - 2 + 26*k. Give x(-6).
-14
Let k be 0 - -2 - 0/(-1). Suppose 8 = -k*w - 2. Let x(h) = -h**3 - 5*h**2 - h - 7. Give x(w).
-2
Let i = -19 + 34. Let a = 9 - i. Let f(q) = -q**2 - 9*q - 8. Let p(s) = s**2 + 10*s + 8. Let n(b) = 3*f(b) + 2*p(b). Calculate n(a).
-2
Let f(t) = t**2 + 1. Let p(d) = 3*d**2 - 15*d + 23. Let v(k) = 4*f(k) - p(k). What is v(-14)?
-33
Let p be (-5)/5 + 2 + 1. Let i(g) = 1 + 5*g**p - g**3 + 4*g + 4*g + 0*g**3 + g**2. What is i(7)?
8
Let f(x) be the third derivative of -x**6/120 - 11*x**5/60 + 7*x**3/6 + 57*x**2 - 1. Determine f(-11).
7
Let w(f) = 2*f - 1. Let b(a) = -5*a + 5. Let d(g) = 3*b(g) + 6*w(g). Determine d(-9).
36
Let c(i) = -i**3 - 2*i**2 - i - 2. Suppose z = 3*n + 1 + 13, -2*n = z + 16. Let y(x) = -x**2 - 9*x - 6. Let v be y(n). Let t = v - 14. What is c(t)?
0
Let a(g) = -11 + 2*g**2 + 2*g - 29 + 39. Calculate a(-2).
3
Let u(b) = -5 + 2 - 1 - 5 + 2*b. Let d = -24 - -33. Suppose -p + d = 3. Calculate u(p).
3
Let v(r) = r**2 - r - 5. Let z be (-21)/(-84) + 13/(-4). Give v(z).
7
Let d = -22 - -14. Let r(f) = -7*f - 12. Calculate r(d).
44
Let m(a) = 10*a**2 - 2*a. Suppose 5*p + 13 = 2*c + 37, 5*c + 4*p - 6 = 0. Give m(c).
44
Let p(q) = q**2 - 2*q**2 - 4 + 0*q - 5*q + 0*q**2. Let k be -3*(11/3 - 1). Let c = -12 - k. Calculate p(c).
0
Let t = 156 - 161. Let o(p) = p**3 - 5*p - 1 - 3 + 0*p**2 + 4*p**2. Calculate o(t).
-4
Let t(s) = -8*s + 9 - 4*s + 14*s. Give t(-3).
3
Let m = -21 - -29. Let l = 11 - m. Let p(s) = 6 - 4*s - s - s + 7*s**2 + 2*s**3 - 3*s**l. Calculate p(6).
6
Let a(y) = -11*y**2 - 5*y - 20. Let i(m) = 8*m**2 + 4*m + 13. Let s(k) = 5*a(k) + 7*i(k). Give s(-6).
9
Let x(t) be the third derivative of t**6/120 - 7*t**5/60 - t**4/4 - 11*t**3/6 + 210*t**2. Calculate x(8).
5
Let k(c) be the first derivative of c**2/2 - 8*c + 580. Give k(3).
-5
Suppose 0 = -j - 2*z - 7, 5 = 5*j + 2*z. Let t(d) = -4*d**2 + j + 4*d**2 - d**2 + d - 2. What is t(2)?
-1
Let d(g) be the third derivative of -g**5/60 - g**4/12 + 8*g**3/3 - 923*g**2. Calculate d(-6).
-8
Let r(m) = 5*m**2 + 20*m + 20. Let o = -15 + 11. Let b = o - -12. Let i(a) = 2*a**2 + 7*a + 7. Let f(c) = b*i(c) - 3*r(c). Calculate f(3).
-7
Let b = -1 + 4. Suppose b*p - 2 - 4 = 0. Suppose p*t = 6*t - 24. Let q(w) = -w**2 + 5*w + 2. Give q(t).
-4
Let f(b) = b - 11. Let w(a) be the third derivative of a**3/3 + a**2 + 4*a. Let t(m) = f(m) + 6*w(m). Calculate t(-2).
-1
Let v = 3 + -9. Let d(p) = p + 17. Let n be d(-14). Let f(a) = 4 + 2 - n - a. Calculate f(v).
9
Let w(g) = -2*g**2 - 7*g - 1. Let p(h) = -4*h**2 - 15*h - 2. Let m(c) = -6*p(c) + 13*w(c). Let i(b) be the first derivative of m(b). Determine i(-2).
7
Suppose n + 17 = -0*n + 4*r, 26 = 2*n + 4*r. Let z(q) = -5 - n*q + q + q. Let j(k) = -5*k - 26. Let y(x) = 2*j(x) - 11*z(x). What is y(0)?
3
Let h(k) = k**2 + 2*k - 7. Suppose -4*w = 8, -4*w + 2*w = 2*i - 76. Suppose 0 = 6*d + 2*d + i. Give h(d).
8
Let w(n) = -65*n**2 - n + 1. Let o be (1/(-2))/((-152)/16 - -9). What is w(o)?
-65
Let a(j) = -j**3 + 5*j**2 - j. Suppose z + 178 = 183. Determine a(z).
-5
Let s(z) be the third derivative of -z**5/60 + z**4/12 + 7*z**3/3 + 2*z**2 - 357. Give s(-5).
-21
Let x(r) = r + 2. Let h(n) = -n**3 - 16*n**2 + 4*n + 65. Let b be h(-16). Calculate x(b).
3
Suppose -s - 1 = -4. Let n(i) = -s + i**3 + 6*i**2 + 2 + 3 - 6*i. Suppose q + 13 = -4*y - 14, 4*q = 4. Calculate n(y).
-5
Let i(s) = 29 + s**2 - s**3 - 63 + 29. Let v = -26 + 26. Calculate i(v).
-5
Let z(c) be the first derivative of -c**3/3 - c**2/2 + 3*c - 120. Give z(-2).
1
Let k(o) = o**2 + 3*o - 3. Let d = 69 + -15. Let t = -57 + d. What is k(t)?
-3
Let x(y) = 1. Let q(g) = g + 4. Let j(i) = -1. Let k(u) = -8. Let a(z) = -4*j(z) + k(z). Let c(w) = 2*a(w) + 3*q(w). Let h(p) = c(p) - 5*x(p). Calculate h(-2).
-7
Let n(o) be the first derivative of o**4/4 + 5*o**3/3 - 2*o**2 + 13*o + 81. What is n(-6)?
1
Let k(a) = -a**3 + 5*a**2 - 3*a - 2. Let h(y) = 5*y + 30. Let m be h(28). Suppose 0 = -m*s + 169*s + 3. What is k(s)?
7
Let h(k) = -31 + 2*k + 18 + 40. What is h(-10)?
7
Let h(r) = 28 + 0 - 4 - r - 20. Calculate h(12).
-8
Let c(s) = 6*s + 7. Let t(o) = o - 1. Let j(w) = -c(w) + 5*t(w). Let m be j(-9). Let h(v) = 1 + 3*v - 2*v + 4. Give h(m).
2
Let r(u) = u**2 - 5*u**3 - 8*u + 2*u**3 + 1 - 3*u**3 + 6*u. Let w be 0 + -3 + 2 - -2. Suppose 2*l - 3 + w = 0. What is r(l)?
-6
Let x(w) = w**2 + 14*w + 44. Let k be x(-8). Let f(p) = p**2 + 3*p + 2. What is f(k)?
6
Let v(i) = -118*i - 943. Let y be v(-8). Let x(d) = -10*d**3 - d + 1. Determine x(y).
-10
Let b(z) be the third derivative of 0*z + 4*z**2 + 0 + 11/6*z**3 + 0*z**4 + 1/40*z**6 + 0*z**5. Let l(i) be the first derivative of b(i). Calculate l(1).
9
Let v(w) = -42*w**2 + 5*w - 7. Let p(k) = k - 1. Let y(a) = 6*p(a) - v(a). Give y(-1).
42
Let h(o) = o**3 + 5*o**2 - o - 3. Suppose 10*j = 6*j + 8. Suppose -k - j = 0, -q - 2*q - 5*k + 14 = 0. Let u = -13 + q. Determine h(u).
2
Let v(p) be the first derivative of 0*p**3 - 3*p - 5 + 1/4*p**4 + 0*p**2. Calculate v(0).
-3
Let w(j) = j**3 + 10*j**2 + 11*j + 18. Let q(s) = -2*s**3 - 52*s**2 + 53*s - 36. Let d be q(-27). What is w(d)?
0
Let h(b) = -3*b + 6. Let g be h(-4). Let t(a) = a**2 + 26*a - g*a - 14*a - 6. Give t(6).
-6
Let h(g) = 3*g**2 + g - 3. Suppose -3*q - 9 = 0, 18 = -y - 5*q - 1. Let l(f) = 2*f**2 + 2*f - 3. Let z(w) = y*l(w) + 3*h(w). Suppose 4*p - 17 = 3. Give z(p).
3
Let z(o) = o**2 - 10 + 12*o - 22*o + 4*o. What is z(8)?
6
Let p(z) = 12 + 15*z - 11 - z**2 + 5. What is p(14)?
20
Let f(d) be the second derivative of 1/6*d**4 - 23*d + 1/6*d**3 + 0 - d**2. Determine f(-2).
4
Let r(c) = -c**2 + 2*c - 3. Let v be -1 - (3 - 5) - 1. Suppose -3*b + 5*g + 12 = 2*g, v = -b - g. Give r(b).
-3
Let d(s) = 5*s**3 - 2*s**2 + 1. Let h be d(1). S